**4/12 + 4*n**2 - 4*n. Let y(c) = 2*m(c) - 5*w(c). Determine y(5).
9
Let x = -16 - -21. Let j(h) = h**2 - 3*h - 4. Let t be j(x). Let z(i) = i**2 - 6*i + 2. What is z(t)?
2
Let i(m) be the second derivative of m**3/6 - m**2/2 - 11*m. Let w(h) = -h**2 + 3*h + 1. Let x be w(4). Let q(z) = 7*z - 6. Let k(o) = x*i(o) + q(o). Give k(2).
5
Let g(f) = -3 + 7 + 2*f + 2. Determine g(-4).
-2
Suppose -5 = 2*a - a. Let z(c) = -3*c**3 - 2*c**2 - 5*c - 6. Let x(n) = n**3 - 2*n**2 - n. Let o(v) = 2*x(v) + z(v). Determine o(a).
4
Let i = -3 + 7. Suppose i*f = 3*q - 11, 7 = -3*f + 2*q - 1. Let v(c) = 3*c + 2. Calculate v(f).
-4
Let n(u) be the first derivative of -7*u**2/2 + 2. Let t be (1/2*0)/1. Suppose -4*c = -4*j + 3*j + 8, -5*c - j - 1 = t. What is n(c)?
7
Let j = 3 + 0. Let k(x) = 1 + 4*x**2 - 3*x + x**3 - x**2 - 2*x - j. What is k(-4)?
2
Let t(x) = x**2 - 1. Let p(j) = j**2 - 3*j - 4. Let g = 7 - 8. Let d(k) = g*p(k) + 2*t(k). Give d(-3).
2
Let v be -2 - (-2 + 8)/(-3). Suppose 2*i + 2 + v = 0. Let a(m) = -m**2 + 2*m + 2. Let g(u) = u**3 - u**2 + 1. Let j(p) = a(p) - g(p). Give j(i).
0
Let z(h) = 5*h**2 - 2*h. Let a(m) = -11*m**2 + 3*m + 1. Let d(g) = -4*a(g) - 9*z(g). Let j be d(5). Let k(t) = -t + 0 - 3*t + 2*t - 1. What is k(j)?
-3
Let a(w) = -w**2 + 11*w + 6. Let y be a(11). Let u(o) = -3*o + 7. Calculate u(y).
-11
Let l(k) = 15*k - 7*k**3 - 7 - k**2 + 0 + 2*k**2. Let n(c) = -4*c**3 + 8*c - 3. Let d(u) = -3*l(u) + 5*n(u). Determine d(4).
2
Let t = -3 + 4. Let v(n) be the first derivative of -7*n**3/3 - n**2/2 - 4. What is v(t)?
-8
Let h(s) = -s**2 + s. Let i(t) = 3*t**2 + 8*t + t + 3 - 5*t**2. Let u(l) = -3*h(l) + i(l). Suppose -12 = 3*f, -5*a + 4 = -3*f + 12. Determine u(a).
-5
Let o(m) = -m - 3. Let r be o(-4). Let v(f) = 2 + r - 2 - f**2. Calculate v(1).
0
Let f(d) = 3*d. Let m(z) = -3*z + 5*z + 5*z - 3*z. Let h(o) = 5*f(o) - 4*m(o). What is h(0)?
0
Let y(g) = -2*g + 4. Let i be -18*-1*1/3. Calculate y(i).
-8
Suppose -m + 5*p = -22, 0*m - 2*p = -3*m + 14. Let i be (-3 - m) + 3 + -2. Let j(q) = q**2 + 4*q - 3. What is j(i)?
-3
Let o be 3 - (0 + 4 + -2). Let c = o - 2. Let d(g) = -7*g**3 + 2*g**2 + g. Determine d(c).
8
Suppose -5*v = -3*v. Let g(s) = s**2 - 5*s - 2 + v + 7. Let q be 6*1 + (-1 - 1). Give g(q).
1
Let n(p) = p**2 + 3*p + 1. Let k(c) = -c**2 + 3*c + 8. Suppose -11 = -3*s - t, -s + 0*t - 5*t = 15. Let z be k(s). Give n(z).
-1
Suppose 5*l - 15 + 5 = 0. Suppose 5*a + 12 = l*a. Let x(y) = -6*y**2 - 10*y + 5. Let b(m) = 5*m**2 + 9*m - 4. Let f(q) = 5*b(q) + 4*x(q). What is f(a)?
-4
Let p = 2 - 2. Let k(d) = d**2 - d - 7. Determine k(p).
-7
Let p(i) = -3*i - 5. Let n be 0 + -2 - (0 - 8). Suppose -m + 9 - 1 = 0. Suppose 0 = -n*b + 3*b + w - m, w = b. Determine p(b).
7
Let h(b) be the first derivative of -15*b**2/2 - b - 5. What is h(-1)?
14
Let d(h) = 2*h - 1. Let c(n) = -n**2 + 8*n + 7. Let k be c(9). Calculate d(k).
-5
Let u(p) be the third derivative of -p**5/120 + 4*p**3/3 + 4*p**2. Let l(d) be the first derivative of u(d). Give l(2).
-2
Let f be (-2)/4*(4 - 0). Let i(u) be the third derivative of -u**6/120 - u**5/15 - u**4/12 + u**3/3 - 10*u**2. Calculate i(f).
-2
Let p(v) be the first derivative of 2*v**3/3 - v**2 - 4*v + 25. Calculate p(3).
8
Let u = 5 + -3. Let o(v) = -11*v + 3. Let y(b) be the third derivative of -b**4/6 + b**3/6 - 2*b**2. Let c(k) = -3*o(k) + 8*y(k). Calculate c(u).
1
Let t(d) = -d + 3. Let h(n) be the third derivative of n**6/120 + 7*n**5/60 + n**4/6 - 4*n**3/3 + 3*n**2. Let s be h(-6). Give t(s).
-1
Let o(j) = j**2 + 7*j + 6. Let k = -4 + -1. Let n be o(k). Let x(a) = a**3 + 5*a**2 + a - 4. Determine x(n).
8
Let t = 308 - 176. Let p be t/(-21) + 8/28. Let c be p/33 - 18/22. Let w(q) = -q**3 - q**2 + 1. Calculate w(c).
1
Let t(c) = -3 - 3 + 5 + 3*c + 2. What is t(1)?
4
Let f(y) = 4*y - 6. Let w = -2 + 3. Let x(u) = -u. Let g(z) = w*f(z) + x(z). Suppose -4*m + m = -12. What is g(m)?
6
Let i be (2 - 2)*(-1)/(-2). Let v(l) be the first derivative of -l**4/12 - 9*l**2/2 - 2*l + 1. Let g(k) be the first derivative of v(k). Determine g(i).
-9
Suppose 4*n + k = 0, k = 3*n - k. Suppose -x - 3*x - 2*z + 16 = n, -2*z = 0. Suppose q = -x*q - 15. Let y(h) = -h**3 - 2*h**2 + 3*h + 3. What is y(q)?
3
Let u(y) = -2*y. Let f(t) = -t. Let h(s) = -f(s) + u(s). Calculate h(2).
-2
Let u(q) = -q**2 + q - 1. Suppose 3*j = 9 + 3. Suppose -3*i + 4*i = j. Suppose 5*a - 2*x + 0 = 4, i*a = x + 2. What is u(a)?
-1
Let r(c) = -c**2 - 8*c - 10. Let m(w) = -w**2 - 8*w - 10. Let h(k) = 6*m(k) - 5*r(k). Let n be -1*7 - 0/(10 - 2). Give h(n).
-3
Let v(m) = m**3 - 16*m**2 - 17*m + 5. Let h be v(17). Let a(u) = u**3 - 4*u**2 - 6*u + 4. Give a(h).
-1
Let g(i) = 8*i**2 - i**3 - 1 + 9*i**2 + 3*i - 14*i**2. Give g(4).
-5
Let j(h) be the second derivative of -h**3/3 - 3*h**2 + 7*h. Determine j(-4).
2
Suppose -4*o + 30 = -3*z + 6*z, o = -2*z + 15. Let f = z + -3. Let d(h) = f - h + 2*h - h - h. Determine d(5).
-2
Let k(v) = -2*v**2 + 5*v - 5. Let t(y) = y**2 - 4*y + 4. Let n(p) = -3*k(p) - 4*t(p). Let q be (-1)/((-1)/(-1 - 1)). Give n(q).
5
Let v be (-1)/(12/(-8))*6. Let o = v + 2. Let n(q) = q**2 - 6*q + 8. Determine n(o).
8
Let c(a) = 5*a**3 + 8*a**2 - 3*a - 19. Let l(b) = 3*b**3 + 4*b**2 - 2*b - 10. Let y(d) = 4*c(d) - 7*l(d). What is y(4)?
2
Let t be -3 - 0*4/(-12). Let o(k) = -k - 5. Calculate o(t).
-2
Let m be ((-2)/5)/(3/(-15)). Let p(n) = -3*n**2 + n**2 - n**m + n. Let a = 1 + -2. Calculate p(a).
-4
Let h(b) = -20*b + 14. Let y(w) = 7*w - 5. Let t(q) = 6*h(q) + 17*y(q). Determine t(-2).
1
Let b(p) = -2*p**3 - 2*p**2 - 3*p + 2. Let a(x) = 4*x + 3*x**3 + 0 + 0*x**2 + 0*x**3 - 3 + 3*x**2. Let s(y) = 5*a(y) + 7*b(y). Calculate s(-2).
-3
Let z(g) be the second derivative of g**4/12 - 5*g**3/6 - g**2 - 5*g. Calculate z(4).
-6
Let s(o) = o**2 - o - 2. Suppose 0*l + 4*i = -2*l, -i - 9 = 5*l. Give s(l).
4
Let l(u) = -u**2 - 9*u - 4. Let v(z) = -z**2 + 3*z + 11. Let n be v(6). What is l(n)?
10
Let i(z) = -z**3 + 10*z**2 - 10*z + 2. Let m = 42 + -33. Determine i(m).
-7
Let p(q) = -4*q + 6. Let v be p(0). Let n(a) = -a**2 + 4*a. Determine n(v).
-12
Let b(g) = 3 + 13*g**2 - 4*g**2 + 2*g - 4*g**2 - 3*g**2. Determine b(-2).
7
Let c(j) = -j**3 - 9*j**2 - 2*j - 7. Let v(z) = z**3 + 8*z**2 + z + 7. Let l(p) = -2*c(p) - 3*v(p). Determine l(-6).
-13
Let p(j) = 11*j + 6. Let r(z) = -4*z - 2. Let o(t) = 3*p(t) + 8*r(t). Let v be (0 - -2)/((-4)/8). Let k be (v - 0) + (-3)/3. What is o(k)?
-3
Let n(l) = 10*l + 3. Let m(d) = d + 1. Let q(a) = -4*m(a) + n(a). Calculate q(-1).
-7
Suppose 2*y + 0*n + 2*n + 10 = 0, 3*n = 3*y + 9. Let f(r) = r**2 - 4 + 5 + 1 + 3*r. What is f(y)?
6
Let v = -1 + 1. Suppose -3*d = -d - 4. Let n(r) = -6 - d*r + 1 + v*r**2 - 2*r + r**2. Determine n(4).
-5
Let s = -10 + 6. Let p = -2 - s. Let u(k) = -5*k + 2*k + 0*k. Calculate u(p).
-6
Let r(v) = v**3 + v**2 + v + 5. Let y = -38 - -32. Let c = -14 + 8. Let m = c - y. What is r(m)?
5
Suppose -7 - 5 = -6*q. Let s(w) be the second derivative of 1/6*w**3 - q*w - w**2 + 0. Determine s(3).
1
Let i(j) = 5*j + 1. Suppose 3*c = 2*x - 21, 2*c + 0*c - 34 = -4*x. Let h = x - 5. Let u(t) = t - 5. Let w be u(h). Determine i(w).
-4
Let b = 8 - 6. Suppose d = -d + b. Let w(r) = -3*r + d + 4*r + 0*r. Calculate w(-6).
-5
Let h = 12 - 13. Let o be (-4)/h*3/6. Let j(d) = 2*d**2 - 2*d + 3. What is j(o)?
7
Let x(p) = -p**3 + 4*p**2 + p + 2. Let f(v) = v**2 + 9*v + 22. Let g be f(-3). Determine x(g).
6
Let v(d) = -d**2 + 7*d - 3. Let a be (1/(-2))/(1/(-12)). Calculate v(a).
3
Let h(w) = w**3 - 3*w**2 + w - 1. Let s be h(3). Let m(q) be the second derivative of 3*q - 1/2*q**s - 1/6*q**3 + 0. Determine m(-2).
1
Let l(w) = w**3 + 11*w**2 - 13*w - 10. Let j be l(-12). Let z(k) = -3*k + 2. Calculate z(j).
-4
Let j(w) = -4 - 112*w + 114*w - 5. Determine j(-7).
-23
Let v(z) be the second derivative of -z**8/6720 + z**7/420 + z**6/144 + z**5/30 + 7*z**4/12 - 8*z. Let o(x) be the third derivative of v(x). Give o(7).
-10
Suppose -i = -0*u + 3*u - 24, -u - 2*i = -13. Let a = u - 5. Suppose 2*v = -a*v - 16. Let y(d) = -2*d - 3. Calculate y(v).
5
Let b = 10 - 8. Let s(u) = -3*u**2 + 3*u. Determine s(b).
-6
Let d(y) = y - 1. Let a(k) = 3*k - 1. Let q(g) = 6*a(g) - 13*d(g). Let l(x) = 11*x + 15. Let f(c) = -6*l(c) + 13*q(c). Let p(i)